3149 + -3155. Let w(s) be the third derivative of s**4/6 + 11*s**3/6 - 21*s**2. What is w(r)?
-13
Let y(g) = -g**3 + 6*g**2 + 3*g - 14. Suppose -9*t = 148 - 1840. Suppose -21*k + t = 62. Give y(k).
4
Let y(i) = -47*i**2 + 24*i**2 + 11*i + i**3 - 49*i - 3*i**2 + 29 - 19*i. Calculate y(28).
1
Let d(q) = -3*q + 3. Let t be (-765)/(-195) + 3/39 + -5. Determine d(t).
6
Let x(u) = -u**3 + 16*u**2 + 42*u - 22. Let n(m) = 3*m**3 - 49*m**2 - 122*m + 77. Let i(d) = 2*n(d) + 7*x(d). Give i(17).
-17
Let w(a) = -2*a**2 - 2*a - 7. Suppose -1010 = -76*o - 68*o - 578. What is w(o)?
-31
Suppose -2*k + 10 = -3*h + 2*h, -5*h = -5*k + 30. Let j(y) be the first derivative of y**4/4 - 2*y**3/3 - 5*y**2/2 + 2*y - 431. Give j(k).
14
Let b(c) = -10*c**3 + c**2 - c - 2. Let a(z) = -59*z**3 + 16*z**2 + 5*z - 3. Let d(m) = a(m) - 6*b(m). Suppose 7*x + 30 = -33. Determine d(x).
-9
Suppose -5*h = 4*q + 17, -5*q + 3 = h - 2. Let w(v) = 16*v + 7*v**3 - 25*v + 10*v**q + 5 + 9 - 8*v**3 - 6. Let u = 8 - -1. What is w(u)?
8
Let v(h) = h**2 + 3*h - 5. Suppose 6 = 2*t - 2*z, -4*t = -2*z - 51 + 41. What is v(t)?
5
Let n(q) = 9 + 63*q - 37*q - 28*q. Suppose -12 = -103*t + 101*t. What is n(t)?
-3
Let c = -172 - -177. Suppose -c*q = 6 - 51. Let u(n) = -4 + 0*n + n + 3. What is u(q)?
8
Let v(c) = c**2 - 9*c + 6. Let x be 17*-48 + 1/3*0. Let b = x - -820. Calculate v(b).
-14
Let f be (1 + 5)/(6 + 12 - 17). Let y(o) = 2*o**2 - 8*o - 26. What is y(f)?
-2
Suppose s - 2*s = -3. Suppose 0 = 9*i - s*i - 30. Let y(d) = -d**3 + 5*d**2 + 2*d + 7. Give y(i).
17
Let b = 149 + -89. Let u = -50 + b. Suppose -u*s = -9*s + 6. Let i(h) = h**2 + 7*h + 4. Determine i(s).
-2
Suppose -7*c = -281 - 41. Suppose 4*b + c = 6*b. Let k(t) = -6*t - b*t**2 - 1 + 7*t**2 + 15*t**2. Calculate k(-5).
4
Suppose 9 = 2*n + 17. Let a be (-3)/n + (-8)/(128/(-36)). Let b(l) = 2*l. Give b(a).
6
Let g(c) be the second derivative of c**5/20 - c**4/3 - 5*c**3/6 + c**2 - 4*c. Let u(n) = -17 + 2445*n - 2434*n + 2*n**2 - 8. Let q be u(2). Calculate g(q).
2
Let x(w) = 5*w - 1. Let m(u) = u**3 + 6*u**2 + 10*u + 1. Let o be ((-2)/(-5 - -1))/(1/(-8)). Let c be m(o). Give x(c).
-36
Let k(o) = -o**2 + 3. Let a be (-5 - -5)*(-4)/20. Suppose 0*j = 5*s - j + 29, a = 4*s - j + 23. Give k(s).
-33
Let o(f) = f**3 + 4*f**2 - 2*f + 9. Let r be o(-5). Let q(n) be the second derivative of -n**5/20 - 5*n**4/12 + n**3 - 4*n**2 + 185*n. Determine q(r).
-8
Suppose -2*x = -d + 7 + 11, -17 = 3*x + d. Let b(j) = -6*j + 6*j**2 + 3*j**3 + 10 - 1 - 2*j**3. Calculate b(x).
2
Let m = -2759 - -2765. Let i(c) = 10*c + 1. Determine i(m).
61
Let l = -344 + 342. Let f(h) = 4*h**3 + 4*h**2 + 2. Let t(m) = -m**3 - m**2 + m - 2. Let j(c) = f(c) + t(c). What is j(l)?
-14
Suppose 50*l = -54*l + 112*l - 16. Let b(x) be the first derivative of -5 + 9*x - 4*x**l + 1/3*x**3. Give b(7).
2
Let s(b) be the first derivative of b**4/4 + 5*b**3/3 - 5*b - 2147. Let u = -4 + -1. Determine s(u).
-5
Suppose -77 = -5*t - 27. Let d = t - 10. Suppose -h + q = d, 0*h - h + 2*q = -2. Let y(k) = 3*k + 1. Calculate y(h).
-5
Let i(k) be the third derivative of -k**4/12 - k**3/3 + 170*k**2. Let c(n) = -n - 1. Let t be c(6). Let l be ((-6)/(-7))/(1/t). Determine i(l).
10
Let n = -1008 - -1008. Let d(s) = s**3 - 2*s**2 - 2*s + 5. What is d(n)?
5
Let a = 8209 - 8213. Let j(v) = 3*v**2 + 13*v + 3. What is j(a)?
-1
Let g(q) = -30*q**2 - 15*q - 71. Let i(u) = -43*u**2 - 23*u - 102. Let m(f) = -10*g(f) + 7*i(f). Let b be (1 - (-9)/(-1)) + -2. Give m(b).
6
Let u(x) = 5*x**3 - 5*x**2 - 3*x + 1. Let c be (-12 + (-55)/(-11))*(1 - 6/7). What is u(c)?
-6
Let z be ((-7)/(-2))/(2/4). Let b(p) = 2*p - 8*p**2 + 7*p**2 + 3 + 3*p + 3*p - 3*p - 3*p. What is b(z)?
-32
Let t(h) = 473*h + 10. Let f(p) = -1301*p - 31. Let g(l) = 4*f(l) + 11*t(l). What is g(-2)?
-12
Let l(h) = -71386*h**2 + 2 + 3*h + h + 71384*h**2 + 0. What is l(4)?
-14
Let j(o) = o - 1. Let x(y) = 13*y - 72. Let z be x(6). Let w(i) = 3*i - 24 - 7 + 6*i - 5*i. Let l be w(z). Give j(l).
-8
Let s(t) = -5*t + 124. Let i(n) = -29. Let f(z) = 2*i(z) + s(z). What is f(14)?
-4
Suppose -15*z = -5*z - 30. Let v be 3*(z + (-20)/6)*-8. Let g(h) = -7*h**2 + 9*h - 9 + h**2 + 5*h**2. Calculate g(v).
-1
Let i(z) be the third derivative of -z**6/120 - 17*z**5/60 + 3*z**4/4 + 5*z**3/6 + 90*z**2. Let o be i(-18). Let g(h) = h**2 - 6*h + 3. What is g(o)?
-2
Let q(t) be the second derivative of -11*t**3/3 + 4*t**2 - 363*t - 5. Calculate q(-4).
96
Suppose -2*u = -3*g - 3, -3*g - 5*u - 52 = -7. Let l(q) = -q**3 - 3*q**2 + 12*q + 13. What is l(g)?
3
Let u(j) = -2*j. Let w be (-90)/(-16)*-2 + (-17)/(-68). Let f = 16 + w. Suppose -27 = 5*p - 2*d, -f*d = p - d + 1. What is u(p)?
10
Let o(w) be the third derivative of -w**5/30 - 31*w**4/24 - 8*w**3/3 + 1257*w**2. Give o(-15).
-1
Let a(r) = -19*r + 236. Suppose -162*q - 161 = -2105. What is a(q)?
8
Let t(x) = -230*x - 38860. Let a be t(-169). Let k(v) be the first derivative of -v**3/3 + 9*v**2/2 - 2. Determine k(a).
-10
Let g = -15 - -21. Suppose 4*y + 5*p - 7 = 0, -9*p + 10 = 5*y - 4*p. Let c(k) = -3 + 4*k**2 + 0*k**2 - 3*k**3 + 1 + 2*k**y + 3*k**2 - 7*k. Determine c(g).
-8
Let n(f) = 2*f + f**3 - 1 + 4*f**2 - 6*f**2 - f**2 + 6*f**3 - 10*f**3. Give n(2).
-33
Let w(q) = q**3 - 9*q**2 + q. Let g(n) = 2*n**2 - 1. Suppose 17*o = 10*o + 28. Let y(s) = o*g(s) + w(s). Let x = -3 + 3. Calculate y(x).
-4
Let l = 1 + -1. Suppose -y + 10 - 8 = l. Suppose -3*u + y*u + 5*f - 12 = 0, 4*u = -5*f + 2. Let s(z) = z**3 - z**2 - z - 1. Determine s(u).
-11
Let w(g) = -g - 2. Let l be w(-4). Let c(i) = 4 - i**2 + i**3 - 1 - i - i**l - i. Suppose 1674 - 2002 = -164*n. Determine c(n).
-1
Suppose -30 = -30*g + 30. Let j(r) = 201*r - 206*r - 5 - 6*r**g + 4*r**2. Give j(-4).
-17
Let a(r) = -5*r - 657. Let y be a(-132). Let d(s) = s**3 - 2*s**2 + 3*s + 4. Determine d(y).
22
Let x(p) = -p + 4. Suppose 3*v - 3 = 2*w + 3, -4*w + 8 = -v. Suppose 0 = 4*y - 4*i - 32, -w*i - 18 + 10 = y. Calculate x(y).
0
Let r(u) = 2*u**2 - 71*u + 106. Let q be r(34). Let c(i) = i**3 - 6*i**2 + 7*i - 14. What is c(q)?
-18
Let k(n) = 5*n + 29. Let x be 18/(-12)*(-32)/(-6). Calculate k(x).
-11
Let g(a) = a**3 + 16*a**2 + 47*a + 5. Let u = 16710 + -16722. Give g(u).
17
Let h(t) be the second derivative of -t**4/2 + t**3/6 - 3*t. Let b(c) = -16*c - 5*c**2 - 37 - 5*c**2 + 77 - c**3 - 41. Let s be b(-8). Give h(s).
-7
Let s = 3 + -3. Suppose -g - 4*m + m = -16, -5*m = -2*g + 10. Let q(w) = -g + 7*w**2 - 23 + 24 - 8*w**2. What is q(s)?
-9
Let v(g) be the second derivative of 7/2*g**2 - 1 + 1/6*g**3 - 8*g. What is v(-13)?
-6
Suppose 5*a = 5*z - 50, 6*z + a = 3*z + 34. Suppose -z = -3*u - 26. Let m(y) = 5*y**2 + 9*y**2 + y - 6*y - 15*y**2 - 6. Determine m(u).
-6
Suppose 97*a + 44 + 315 = -29. Let i(v) = 2 + v + v + v + v**2. Give i(a).
6
Let f(r) = r**2 - 22*r + 4. Let i be (-12)/22 + 1434/66 - 2/11. What is f(i)?
-17
Let g(a) be the first derivative of 10 - 1/6*a**3 - 5/2*a**2 + 1/20*a**5 - 5*a - 2/3*a**4. Let l(h) be the first derivative of g(h). What is l(8)?
-13
Let q(i) = 27*i**2 + 3*i + 2. Let b be q(-2). Suppose -30*o + 76 = -b. Let u(l) = -l**3 + 7*l**2 - 9*l + 4. What is u(o)?
-14
Let c = 101 + -8. Suppose c = -2*n - 25. Let d = n - -62. Let r(x) = -4*x + 1. What is r(d)?
-11
Suppose 2*u = -4*r + 80, 18*r - 21*r + u = -40. Let k(x) = 12*x - 188. Determine k(r).
4
Let i(b) = -3*b**2 - 3*b**2 + 431 - b**3 + b**3 - b**3 - 435 + b. Suppose -1 = 2*q - 3. Let f be (12/(-10))/(q/5). Give i(f).
-10
Suppose -476 = -6*x - x. Suppose -12*q - 5*q - x = 0. Let m(o) = 3*o + 6. Give m(q).
-6
Let k(i) = -i + 36. Let z(m) = -m**2 + 23*m - 50. Let y(v) = -k(v) - z(v). Calculate y(17).
-71
Suppose 5*o = -3*t + 3*o + 111, -5*t + 172 = -o. Let n be 5/t + 624/(-56). Let a(b) = -b**2 - 11*b - 5. Give a(n).
-5
Let q be ((78/12)/13)/(6/(-36)). Let c(r) = -4*r**2 - 7*r + 7. Determine c(q).
-8
Let n(f) = -f**3 + 4*f**2 + 5. Suppose -4*v = -3*b + 1515, 2*b + v = 3*b - 504. Let t = -496 + b. Calculate n(t).
-20
Let n be (-6)/9 - (-40)/6 - (18 - 12). Let i(v) be the third derivative of 1/20*v**5 - 1/12*v**4 + 1/120*v**6 + n - 1/2*v**3 + 0*v - 12*v**2. What is i(-4)?
-11
Let d(i) = i**3 + 8*i**2 - 961*i - 4875. Let z be d(-5). Let c(w) = 5*w - w**3 + 4*w**2 + 0 + 0. Determine c(z).
0
Let f(l) be t